{"id":18009,"date":"2025-01-07T15:55:03","date_gmt":"2025-01-07T12:55:03","guid":{"rendered":"https:\/\/akerkimya.com\/eticaret\/?post_type=product&#038;p=18009"},"modified":"2026-03-30T02:24:30","modified_gmt":"2026-03-29T23:24:30","slug":"vitamin-b2-riboflavin","status":"publish","type":"product","link":"https:\/\/akerkimya.com\/eticaret\/urun\/vitamin-b2-riboflavin\/","title":{"rendered":"Vitamin B2 (Riboflavin)"},"content":{"rendered":"<h1>Vitamin B2 (Riboflavin)<\/h1>\n<p><strong>Riboflavin, C17H20N4O6 form\u00fcl\u00fcne sahip insan sa\u011fl\u0131\u011f\u0131 i\u00e7in gerekli olan 8 B vitamininden biridir. Pentoz \u015feker olan ribitol ve lumikromdan olu\u015fur.<\/strong><\/p>\n<p><strong>\u00a0<\/strong><\/p>\n<h3><strong>\u00d6zellikler ve Avantajlar\u0131<\/strong><\/h3>\n<p><strong>Sar\u0131 veya turuncu renkte, kristal formdad\u0131r. Hafif kokusu ve ac\u0131 bir tad\u0131 vard\u0131r.<\/strong><\/p>\n<p><strong>Suda ve alkollerde az \u00e7\u00f6z\u00fcn\u00fcr. Kloroform, benzen veya asetonda \u00e7\u00f6z\u00fcnmez.<\/strong><\/p>\n<p><strong>Ayr\u0131\u015fmak i\u00e7in \u0131s\u0131t\u0131ld\u0131\u011f\u0131nda, nitrik oksit i\u00e7eren zehirli dumanlar yayar.<\/strong><\/p>\n<p><strong>Kararl\u0131 bir kimyasald\u0131r.<\/strong><\/p>\n<p><em><strong>\u00a0<\/strong><\/em><\/p>\n<h3><strong>Teknik \u00d6zellikleri<\/strong><\/h3>\n<p><strong>CAS NUMARASI: 83-88-5<\/strong><\/p>\n<p><strong>EC NUMARASI: 201-507-1<\/strong><\/p>\n<p><strong>MOLEK\u00dcLER FORM\u00dcL: C17H20N4O6<\/strong><\/p>\n<p><strong>K\u0130MYASAL \u0130SM\u0130: Riboflavin, vitamin B2, Hepatoflavin, Ovoflavin<\/strong><\/p>\n<p><strong>MOLEK\u00dcL A\u011eIRLIK: 376,36<\/strong><\/p>\n<p><strong>YO\u011eUNLUK: 1.7 g\/cm \u00b3<\/strong><\/p>\n<p><strong>KAYNAMA NOKTASI: 715.6 \u00b0C<\/strong><\/p>\n<p><strong>ER\u0130ME NOKTASI: 290 \u00b0C<\/strong><\/p>\n<p><em><strong>\u00a0<\/strong><\/em><\/p>\n<h3><strong>Kullan\u0131m Alanlar\u0131<\/strong><\/h3>\n<p><strong>\u0130la\u00e7 sekt\u00f6r\u00fcnde, iyi ak\u0131\u015fkan \u00f6zellikleri, d\u00fc\u015f\u00fck statik y\u00fckleme, d\u00fc\u015f\u00fck toz olu\u015fumu ve direkt s\u0131k\u0131\u015ft\u0131rabilirlik \u00f6zellikleri nedeniyle kullan\u0131l\u0131r.<\/strong><\/p>\n<p><strong>Sert jelatin kaps\u00fclleri yapmak i\u00e7in kullan\u0131l\u0131r.<\/strong><\/p>\n<p><strong>Y\u00fcksek dozda Vit B2 yapmak i\u00e7in kullan\u0131l\u0131r.<\/strong><\/p>\n<p><strong>Multivitamin ve mineral tablet yap\u0131m\u0131nda kullan\u0131l\u0131r.<\/strong><\/p>\n<p><strong>Vitamin destek tabletlerinde kullan\u0131l\u0131r.<\/strong><\/p>\n<p><strong>Bebek mamas\u0131, toz sabun, haz\u0131r \u00e7orba ve i\u00e7ecek tozlar\u0131nda kuvvetlendirmek amac\u0131yla kullan\u0131l\u0131r.<\/strong><\/p>\n<p><strong>Un \u00fcretiminde kullan\u0131l\u0131r.<\/strong><\/p>\n<p><strong>S\u0131v\u0131 \u00fcr\u00fcnlerde renklendirici olarak kullan\u0131l\u0131r.<\/strong><\/p>\n<p><em><strong>\u00a0<\/strong><\/em><\/p>\n<p><strong>AMBALAJ<\/strong><\/p>\n<p><strong>1-5-25 kg torbalar halindedir.<\/strong><\/p>\n<p><strong>\u00a0<\/strong><\/p>\n<p><strong>DEPOLAMA<\/strong><\/p>\n<p><strong>Serin ve kuru bir alanda muhafaza ediniz<\/strong><\/p>\n<p><em><strong>\u00a0<\/strong><\/em><\/p>\n","protected":false},"excerpt":{"rendered":"<p>Vitamin B2 (Riboflavin) Riboflavin, C17H20N4O6 form\u00fcl\u00fcne sahip insan sa\u011fl\u0131\u011f\u0131 i\u00e7in gerekli olan 8 B vitamininden biridir. Pentoz \u015feker olan ribitol<\/p>\n","protected":false},"featured_media":18014,"comment_status":"open","ping_status":"closed","template":"","meta":{"_joinchat":[]},"product_cat":[76,80],"product_tag":[],"class_list":{"0":"post-18009","1":"product","2":"type-product","3":"status-publish","4":"has-post-thumbnail","6":"product_cat-gida-ve-katki-kimyasallari","7":"product_cat-veteriner-ve-ilac-kimyasallari","9":"first","10":"instock","11":"shipping-taxable","12":"purchasable","13":"product-type-variable"},"yoast_head":"<!-- This site is optimized with the Yoast SEO Premium plugin v20.2.1 (Yoast SEO v20.2.1) - https:\/\/yoast.com\/wordpress\/plugins\/seo\/ -->\n<title>Vitamin B2 (Riboflavin) - Akerkimya<\/title>\n<meta name=\"robots\" content=\"index, follow, max-snippet:-1, max-image-preview:large, max-video-preview:-1\" \/>\n<link rel=\"canonical\" href=\"https:\/\/akerkimya.com\/eticaret\/urun\/vitamin-b2-riboflavin\/\" \/>\n<meta property=\"og:locale\" content=\"tr_TR\" \/>\n<meta property=\"og:type\" content=\"article\" \/>\n<meta property=\"og:title\" content=\"Vitamin B2 (Riboflavin)\" \/>\n<meta property=\"og:description\" content=\"Vitamin B2 (Riboflavin) Riboflavin, C17H20N4O6 form\u00fcl\u00fcne sahip insan sa\u011fl\u0131\u011f\u0131 i\u00e7in gerekli olan 8 B vitamininden biridir. Pentoz \u015feker olan ribitol\" \/>\n<meta property=\"og:url\" content=\"https:\/\/akerkimya.com\/eticaret\/urun\/vitamin-b2-riboflavin\/\" \/>\n<meta property=\"og:site_name\" content=\"Akerkimya\" \/>\n<meta property=\"article:modified_time\" content=\"2026-03-29T23:24:30+00:00\" \/>\n<meta property=\"og:image\" content=\"https:\/\/akerkimya.com\/eticaret\/wp-content\/uploads\/2025\/01\/Vitamin-B2-Riboflavin-GUNCEL.png\" \/>\n\t<meta property=\"og:image:width\" content=\"1000\" \/>\n\t<meta property=\"og:image:height\" content=\"1000\" \/>\n\t<meta property=\"og:image:type\" content=\"image\/png\" \/>\n<meta name=\"twitter:card\" content=\"summary_large_image\" \/>\n<meta name=\"twitter:label1\" content=\"Tahmini okuma s\u00fcresi\" \/>\n\t<meta name=\"twitter:data1\" content=\"1 dakika\" \/>\n<script type=\"application\/ld+json\" class=\"yoast-schema-graph\">{\"@context\":\"https:\/\/schema.org\",\"@graph\":[{\"@type\":\"WebPage\",\"@id\":\"https:\/\/akerkimya.com\/eticaret\/urun\/vitamin-b2-riboflavin\/\",\"url\":\"https:\/\/akerkimya.com\/eticaret\/urun\/vitamin-b2-riboflavin\/\",\"name\":\"Vitamin B2 (Riboflavin) - Akerkimya\",\"isPartOf\":{\"@id\":\"https:\/\/akerkimya.com\/eticaret\/#website\"},\"datePublished\":\"2025-01-07T12:55:03+00:00\",\"dateModified\":\"2026-03-29T23:24:30+00:00\",\"breadcrumb\":{\"@id\":\"https:\/\/akerkimya.com\/eticaret\/urun\/vitamin-b2-riboflavin\/#breadcrumb\"},\"inLanguage\":\"tr\",\"potentialAction\":[{\"@type\":\"ReadAction\",\"target\":[\"https:\/\/akerkimya.com\/eticaret\/urun\/vitamin-b2-riboflavin\/\"]}]},{\"@type\":\"BreadcrumbList\",\"@id\":\"https:\/\/akerkimya.com\/eticaret\/urun\/vitamin-b2-riboflavin\/#breadcrumb\",\"itemListElement\":[{\"@type\":\"ListItem\",\"position\":1,\"name\":\"Home\",\"item\":\"https:\/\/akerkimya.com\/eticaret\/\"},{\"@type\":\"ListItem\",\"position\":2,\"name\":\"Market\",\"item\":\"https:\/\/akerkimya.com\/eticaret\/market\/\"},{\"@type\":\"ListItem\",\"position\":3,\"name\":\"Vitamin B2 (Riboflavin)\"}]},{\"@type\":\"WebSite\",\"@id\":\"https:\/\/akerkimya.com\/eticaret\/#website\",\"url\":\"https:\/\/akerkimya.com\/eticaret\/\",\"name\":\"Akerkimya\",\"description\":\"\",\"potentialAction\":[{\"@type\":\"SearchAction\",\"target\":{\"@type\":\"EntryPoint\",\"urlTemplate\":\"https:\/\/akerkimya.com\/eticaret\/?s={search_term_string}\"},\"query-input\":\"required name=search_term_string\"}],\"inLanguage\":\"tr\"}]}<\/script>\n<!-- \/ Yoast SEO Premium plugin. -->","yoast_head_json":{"title":"Vitamin B2 (Riboflavin) - Akerkimya","robots":{"index":"index","follow":"follow","max-snippet":"max-snippet:-1","max-image-preview":"max-image-preview:large","max-video-preview":"max-video-preview:-1"},"canonical":"https:\/\/akerkimya.com\/eticaret\/urun\/vitamin-b2-riboflavin\/","og_locale":"tr_TR","og_type":"article","og_title":"Vitamin B2 (Riboflavin)","og_description":"Vitamin B2 (Riboflavin) Riboflavin, C17H20N4O6 form\u00fcl\u00fcne sahip insan sa\u011fl\u0131\u011f\u0131 i\u00e7in gerekli olan 8 B vitamininden biridir. Pentoz \u015feker olan ribitol","og_url":"https:\/\/akerkimya.com\/eticaret\/urun\/vitamin-b2-riboflavin\/","og_site_name":"Akerkimya","article_modified_time":"2026-03-29T23:24:30+00:00","og_image":[{"width":1000,"height":1000,"url":"https:\/\/akerkimya.com\/eticaret\/wp-content\/uploads\/2025\/01\/Vitamin-B2-Riboflavin-GUNCEL.png","type":"image\/png"}],"twitter_card":"summary_large_image","twitter_misc":{"Tahmini okuma s\u00fcresi":"1 dakika"},"schema":{"@context":"https:\/\/schema.org","@graph":[{"@type":"WebPage","@id":"https:\/\/akerkimya.com\/eticaret\/urun\/vitamin-b2-riboflavin\/","url":"https:\/\/akerkimya.com\/eticaret\/urun\/vitamin-b2-riboflavin\/","name":"Vitamin B2 (Riboflavin) - Akerkimya","isPartOf":{"@id":"https:\/\/akerkimya.com\/eticaret\/#website"},"datePublished":"2025-01-07T12:55:03+00:00","dateModified":"2026-03-29T23:24:30+00:00","breadcrumb":{"@id":"https:\/\/akerkimya.com\/eticaret\/urun\/vitamin-b2-riboflavin\/#breadcrumb"},"inLanguage":"tr","potentialAction":[{"@type":"ReadAction","target":["https:\/\/akerkimya.com\/eticaret\/urun\/vitamin-b2-riboflavin\/"]}]},{"@type":"BreadcrumbList","@id":"https:\/\/akerkimya.com\/eticaret\/urun\/vitamin-b2-riboflavin\/#breadcrumb","itemListElement":[{"@type":"ListItem","position":1,"name":"Home","item":"https:\/\/akerkimya.com\/eticaret\/"},{"@type":"ListItem","position":2,"name":"Market","item":"https:\/\/akerkimya.com\/eticaret\/market\/"},{"@type":"ListItem","position":3,"name":"Vitamin B2 (Riboflavin)"}]},{"@type":"WebSite","@id":"https:\/\/akerkimya.com\/eticaret\/#website","url":"https:\/\/akerkimya.com\/eticaret\/","name":"Akerkimya","description":"","potentialAction":[{"@type":"SearchAction","target":{"@type":"EntryPoint","urlTemplate":"https:\/\/akerkimya.com\/eticaret\/?s={search_term_string}"},"query-input":"required name=search_term_string"}],"inLanguage":"tr"}]}},"_links":{"self":[{"href":"https:\/\/akerkimya.com\/eticaret\/wp-json\/wp\/v2\/product\/18009","targetHints":{"allow":["GET"]}}],"collection":[{"href":"https:\/\/akerkimya.com\/eticaret\/wp-json\/wp\/v2\/product"}],"about":[{"href":"https:\/\/akerkimya.com\/eticaret\/wp-json\/wp\/v2\/types\/product"}],"replies":[{"embeddable":true,"href":"https:\/\/akerkimya.com\/eticaret\/wp-json\/wp\/v2\/comments?post=18009"}],"version-history":[{"count":2,"href":"https:\/\/akerkimya.com\/eticaret\/wp-json\/wp\/v2\/product\/18009\/revisions"}],"predecessor-version":[{"id":18168,"href":"https:\/\/akerkimya.com\/eticaret\/wp-json\/wp\/v2\/product\/18009\/revisions\/18168"}],"wp:featuredmedia":[{"embeddable":true,"href":"https:\/\/akerkimya.com\/eticaret\/wp-json\/wp\/v2\/media\/18014"}],"wp:attachment":[{"href":"https:\/\/akerkimya.com\/eticaret\/wp-json\/wp\/v2\/media?parent=18009"}],"wp:term":[{"taxonomy":"product_cat","embeddable":true,"href":"https:\/\/akerkimya.com\/eticaret\/wp-json\/wp\/v2\/product_cat?post=18009"},{"taxonomy":"product_tag","embeddable":true,"href":"https:\/\/akerkimya.com\/eticaret\/wp-json\/wp\/v2\/product_tag?post=18009"}],"curies":[{"name":"wp","href":"https:\/\/api.w.org\/{rel}","templated":true}]}}