{"id":18066,"date":"2025-01-09T16:52:54","date_gmt":"2025-01-09T13:52:54","guid":{"rendered":"https:\/\/akerkimya.com\/eticaret\/?post_type=product&#038;p=18066"},"modified":"2026-03-30T02:24:32","modified_gmt":"2026-03-29T23:24:32","slug":"lidokain-lidocaine","status":"publish","type":"product","link":"https:\/\/akerkimya.com\/eticaret\/urun\/lidokain-lidocaine\/","title":{"rendered":"L\u0130DOKA\u0130N (L\u0130DOCA\u0130NE)"},"content":{"rendered":"<h1>L\u0130DOKA\u0130N (L\u0130DOCA\u0130NE)<\/h1>\n<p><strong>Lidokain, C14H22N2O kimyasal form\u00fcl\u00fcne sahip antiaritmetik s\u0131n\u0131fta yer alan bir kimyasald\u0131r. Monokarboksilik asittir. 2,6-dimetilanilinin karboksilli asitler s\u0131n\u0131f\u0131nda yer alan kloroasetil klor\u00fcr ile asilasyon reaksiyonu ve sonras\u0131nda ortaya \u00e7\u0131kan ara \u00fcr\u00fcn ile dietilamin\u2019in reaksiyona sokulmas\u0131 ile \u00fcretilmektedir.<\/strong><\/p>\n<p><strong>\u00a0<\/strong><\/p>\n<p><strong>L\u0130DOKA\u0130N \u00d6ZELL\u0130KLER\u0130<\/strong><\/p>\n<p><strong>Beyaz renkte toz-kristal formdad\u0131r.<\/strong><\/p>\n<p><strong>Kararl\u0131 bir kimyasald\u0131r.<\/strong><\/p>\n<p><strong>Etil alkol, eter, kloroform, su ve ya\u011fda \u00e7\u00f6z\u00fcn\u00fcr. <\/strong><\/p>\n<p><strong>\u00a0<\/strong><\/p>\n<p><strong>TEKN\u0130K \u00d6ZELL\u0130KLER\u0130<\/strong><\/p>\n<p><strong>CAS NUMARASI: 137-58-6<\/strong><\/p>\n<p><strong>MOLEK\u00dcLER FORM\u00dcL: C14H22N2O<\/strong><\/p>\n<p><strong>K\u0130MYASAL \u0130SM\u0130: 2-(Dietilamino)-N-(2,6-dimetilfenil)asetamid<\/strong><\/p>\n<p><strong>MOLEK\u00dcL A\u011eIRLIK: 234.34 g\/mol<\/strong><\/p>\n<p><strong>ER\u0130ME NOKTASI: 68 \u00b0C \u2013 69 \u00b0C<\/strong><\/p>\n<p><strong>KAYNAMA NOKTASI: 180 \u00b0C \u2013 182 \u00b0C<\/strong><\/p>\n<p><strong>\u00a0<\/strong><\/p>\n<p><strong>KULLANIM ALANLARI <\/strong><\/p>\n<p><strong>Topikal anestezi, infiltrasyon anestezi, iletim anestezi ve epidural anestezide yayg\u0131n olarak kullan\u0131l\u0131r.<\/strong><\/p>\n<p><strong>Miyokard enfarkt\u00fcs\u00fc ve kalp cerrahisi ile ili\u015fkili aritmilerin bask\u0131lanmas\u0131 i\u00e7in standart bir parenteral ajan olarak intraven\u00f6z olarak kullan\u0131l\u0131r. <\/strong><\/p>\n<p><strong>Erken ventrik\u00fcler kas\u0131lmalar\u0131n parentral tedavisi i\u00e7in tercih edilen ila\u00e7lar\u0131n \u00fcretiminde kullan\u0131l\u0131r.<\/strong><\/p>\n<p><strong>Kanamalar\u0131 azaltmak i\u00e7in az miktarda adrenalin (epinerfin) ile kar\u0131\u015ft\u0131r\u0131larak kullan\u0131l\u0131r.<\/strong><\/p>\n<p><strong>\u0130ltihapl\u0131 cilt problemlerini gidermek i\u00e7in krem ve losyonlar\u0131n \u00fcretiminde kullan\u0131l\u0131r.<\/strong><\/p>\n<p><strong>A\u011f\u0131z ve di\u015f etlerini uyu\u015fturmak i\u00e7in kullan\u0131l\u0131r.<\/strong><\/p>\n<p><strong>\u00a0<\/strong><\/p>\n<p><strong>AMBALAJ<\/strong><\/p>\n<p><strong>1-5-25 kg -bidonlar halinde <\/strong><\/p>\n<p><strong>\u00a0<\/strong><\/p>\n<p><strong>DEPOLAMA <\/strong><\/p>\n<p><strong>Kuru, serin ve iyi havaland\u0131r\u0131lm\u0131\u015f alanlarda kapa\u011f\u0131 kapal\u0131 olacak \u015fekilde muhafaza edilmelidir.<\/strong><\/p>\n","protected":false},"excerpt":{"rendered":"<p>L\u0130DOKA\u0130N (L\u0130DOCA\u0130NE) Lidokain, C14H22N2O kimyasal form\u00fcl\u00fcne sahip antiaritmetik s\u0131n\u0131fta yer alan bir kimyasald\u0131r. Monokarboksilik asittir. 2,6-dimetilanilinin karboksilli asitler s\u0131n\u0131f\u0131nda yer<\/p>\n","protected":false},"featured_media":18070,"comment_status":"open","ping_status":"closed","template":"","meta":{"_joinchat":[]},"product_cat":[80],"product_tag":[],"class_list":{"0":"post-18066","1":"product","2":"type-product","3":"status-publish","4":"has-post-thumbnail","6":"product_cat-veteriner-ve-ilac-kimyasallari","8":"first","9":"instock","10":"shipping-taxable","11":"purchasable","12":"product-type-variable"},"yoast_head":"<!-- This site is optimized with the Yoast SEO Premium plugin v20.2.1 (Yoast SEO v20.2.1) - https:\/\/yoast.com\/wordpress\/plugins\/seo\/ -->\n<title>L\u0130DOKA\u0130N (L\u0130DOCA\u0130NE) - Akerkimya<\/title>\n<meta name=\"robots\" content=\"index, follow, max-snippet:-1, max-image-preview:large, max-video-preview:-1\" \/>\n<link rel=\"canonical\" href=\"https:\/\/akerkimya.com\/eticaret\/urun\/lidokain-lidocaine\/\" \/>\n<meta property=\"og:locale\" content=\"tr_TR\" \/>\n<meta property=\"og:type\" content=\"article\" \/>\n<meta property=\"og:title\" content=\"L\u0130DOKA\u0130N (L\u0130DOCA\u0130NE)\" \/>\n<meta property=\"og:description\" content=\"L\u0130DOKA\u0130N (L\u0130DOCA\u0130NE) Lidokain, C14H22N2O kimyasal form\u00fcl\u00fcne sahip antiaritmetik s\u0131n\u0131fta yer alan bir kimyasald\u0131r. Monokarboksilik asittir. 2,6-dimetilanilinin karboksilli asitler s\u0131n\u0131f\u0131nda yer\" \/>\n<meta property=\"og:url\" content=\"https:\/\/akerkimya.com\/eticaret\/urun\/lidokain-lidocaine\/\" \/>\n<meta property=\"og:site_name\" content=\"Akerkimya\" \/>\n<meta property=\"article:modified_time\" content=\"2026-03-29T23:24:32+00:00\" \/>\n<meta property=\"og:image\" content=\"https:\/\/akerkimya.com\/eticaret\/wp-content\/uploads\/2025\/01\/LIDOKAIN-LIDOCAINE-GUNCEL.png\" \/>\n\t<meta property=\"og:image:width\" content=\"1000\" \/>\n\t<meta property=\"og:image:height\" content=\"1000\" \/>\n\t<meta property=\"og:image:type\" content=\"image\/png\" \/>\n<meta name=\"twitter:card\" content=\"summary_large_image\" \/>\n<meta name=\"twitter:label1\" content=\"Tahmini okuma s\u00fcresi\" \/>\n\t<meta name=\"twitter:data1\" content=\"1 dakika\" \/>\n<script type=\"application\/ld+json\" class=\"yoast-schema-graph\">{\"@context\":\"https:\/\/schema.org\",\"@graph\":[{\"@type\":\"WebPage\",\"@id\":\"https:\/\/akerkimya.com\/eticaret\/urun\/lidokain-lidocaine\/\",\"url\":\"https:\/\/akerkimya.com\/eticaret\/urun\/lidokain-lidocaine\/\",\"name\":\"L\u0130DOKA\u0130N (L\u0130DOCA\u0130NE) - Akerkimya\",\"isPartOf\":{\"@id\":\"https:\/\/akerkimya.com\/eticaret\/#website\"},\"datePublished\":\"2025-01-09T13:52:54+00:00\",\"dateModified\":\"2026-03-29T23:24:32+00:00\",\"breadcrumb\":{\"@id\":\"https:\/\/akerkimya.com\/eticaret\/urun\/lidokain-lidocaine\/#breadcrumb\"},\"inLanguage\":\"tr\",\"potentialAction\":[{\"@type\":\"ReadAction\",\"target\":[\"https:\/\/akerkimya.com\/eticaret\/urun\/lidokain-lidocaine\/\"]}]},{\"@type\":\"BreadcrumbList\",\"@id\":\"https:\/\/akerkimya.com\/eticaret\/urun\/lidokain-lidocaine\/#breadcrumb\",\"itemListElement\":[{\"@type\":\"ListItem\",\"position\":1,\"name\":\"Home\",\"item\":\"https:\/\/akerkimya.com\/eticaret\/\"},{\"@type\":\"ListItem\",\"position\":2,\"name\":\"Market\",\"item\":\"https:\/\/akerkimya.com\/eticaret\/market\/\"},{\"@type\":\"ListItem\",\"position\":3,\"name\":\"L\u0130DOKA\u0130N (L\u0130DOCA\u0130NE)\"}]},{\"@type\":\"WebSite\",\"@id\":\"https:\/\/akerkimya.com\/eticaret\/#website\",\"url\":\"https:\/\/akerkimya.com\/eticaret\/\",\"name\":\"Akerkimya\",\"description\":\"\",\"potentialAction\":[{\"@type\":\"SearchAction\",\"target\":{\"@type\":\"EntryPoint\",\"urlTemplate\":\"https:\/\/akerkimya.com\/eticaret\/?s={search_term_string}\"},\"query-input\":\"required name=search_term_string\"}],\"inLanguage\":\"tr\"}]}<\/script>\n<!-- \/ Yoast SEO Premium plugin. -->","yoast_head_json":{"title":"L\u0130DOKA\u0130N (L\u0130DOCA\u0130NE) - Akerkimya","robots":{"index":"index","follow":"follow","max-snippet":"max-snippet:-1","max-image-preview":"max-image-preview:large","max-video-preview":"max-video-preview:-1"},"canonical":"https:\/\/akerkimya.com\/eticaret\/urun\/lidokain-lidocaine\/","og_locale":"tr_TR","og_type":"article","og_title":"L\u0130DOKA\u0130N (L\u0130DOCA\u0130NE)","og_description":"L\u0130DOKA\u0130N (L\u0130DOCA\u0130NE) Lidokain, C14H22N2O kimyasal form\u00fcl\u00fcne sahip antiaritmetik s\u0131n\u0131fta yer alan bir kimyasald\u0131r. Monokarboksilik asittir. 2,6-dimetilanilinin karboksilli asitler s\u0131n\u0131f\u0131nda yer","og_url":"https:\/\/akerkimya.com\/eticaret\/urun\/lidokain-lidocaine\/","og_site_name":"Akerkimya","article_modified_time":"2026-03-29T23:24:32+00:00","og_image":[{"width":1000,"height":1000,"url":"https:\/\/akerkimya.com\/eticaret\/wp-content\/uploads\/2025\/01\/LIDOKAIN-LIDOCAINE-GUNCEL.png","type":"image\/png"}],"twitter_card":"summary_large_image","twitter_misc":{"Tahmini okuma s\u00fcresi":"1 dakika"},"schema":{"@context":"https:\/\/schema.org","@graph":[{"@type":"WebPage","@id":"https:\/\/akerkimya.com\/eticaret\/urun\/lidokain-lidocaine\/","url":"https:\/\/akerkimya.com\/eticaret\/urun\/lidokain-lidocaine\/","name":"L\u0130DOKA\u0130N (L\u0130DOCA\u0130NE) - Akerkimya","isPartOf":{"@id":"https:\/\/akerkimya.com\/eticaret\/#website"},"datePublished":"2025-01-09T13:52:54+00:00","dateModified":"2026-03-29T23:24:32+00:00","breadcrumb":{"@id":"https:\/\/akerkimya.com\/eticaret\/urun\/lidokain-lidocaine\/#breadcrumb"},"inLanguage":"tr","potentialAction":[{"@type":"ReadAction","target":["https:\/\/akerkimya.com\/eticaret\/urun\/lidokain-lidocaine\/"]}]},{"@type":"BreadcrumbList","@id":"https:\/\/akerkimya.com\/eticaret\/urun\/lidokain-lidocaine\/#breadcrumb","itemListElement":[{"@type":"ListItem","position":1,"name":"Home","item":"https:\/\/akerkimya.com\/eticaret\/"},{"@type":"ListItem","position":2,"name":"Market","item":"https:\/\/akerkimya.com\/eticaret\/market\/"},{"@type":"ListItem","position":3,"name":"L\u0130DOKA\u0130N (L\u0130DOCA\u0130NE)"}]},{"@type":"WebSite","@id":"https:\/\/akerkimya.com\/eticaret\/#website","url":"https:\/\/akerkimya.com\/eticaret\/","name":"Akerkimya","description":"","potentialAction":[{"@type":"SearchAction","target":{"@type":"EntryPoint","urlTemplate":"https:\/\/akerkimya.com\/eticaret\/?s={search_term_string}"},"query-input":"required name=search_term_string"}],"inLanguage":"tr"}]}},"_links":{"self":[{"href":"https:\/\/akerkimya.com\/eticaret\/wp-json\/wp\/v2\/product\/18066","targetHints":{"allow":["GET"]}}],"collection":[{"href":"https:\/\/akerkimya.com\/eticaret\/wp-json\/wp\/v2\/product"}],"about":[{"href":"https:\/\/akerkimya.com\/eticaret\/wp-json\/wp\/v2\/types\/product"}],"replies":[{"embeddable":true,"href":"https:\/\/akerkimya.com\/eticaret\/wp-json\/wp\/v2\/comments?post=18066"}],"version-history":[{"count":1,"href":"https:\/\/akerkimya.com\/eticaret\/wp-json\/wp\/v2\/product\/18066\/revisions"}],"predecessor-version":[{"id":18071,"href":"https:\/\/akerkimya.com\/eticaret\/wp-json\/wp\/v2\/product\/18066\/revisions\/18071"}],"wp:featuredmedia":[{"embeddable":true,"href":"https:\/\/akerkimya.com\/eticaret\/wp-json\/wp\/v2\/media\/18070"}],"wp:attachment":[{"href":"https:\/\/akerkimya.com\/eticaret\/wp-json\/wp\/v2\/media?parent=18066"}],"wp:term":[{"taxonomy":"product_cat","embeddable":true,"href":"https:\/\/akerkimya.com\/eticaret\/wp-json\/wp\/v2\/product_cat?post=18066"},{"taxonomy":"product_tag","embeddable":true,"href":"https:\/\/akerkimya.com\/eticaret\/wp-json\/wp\/v2\/product_tag?post=18066"}],"curies":[{"name":"wp","href":"https:\/\/api.w.org\/{rel}","templated":true}]}}