{"id":19978,"date":"2026-03-30T02:06:06","date_gmt":"2026-03-29T23:06:06","guid":{"rendered":"https:\/\/akerkimya.com\/eticaret\/?post_type=product&#038;p=19978"},"modified":"2026-03-30T02:23:41","modified_gmt":"2026-03-29T23:23:41","slug":"hostapur-hava-surukleyici-2","status":"publish","type":"product","link":"https:\/\/akerkimya.com\/eticaret\/urun\/hostapur-hava-surukleyici-2\/","title":{"rendered":"HOSTAPUR (HAVA S\u00dcR\u00dcKLEY\u0130C\u0130)"},"content":{"rendered":"<h1>HOSTAPUR (HAVA S\u00dcR\u00dcKLEY\u0130C\u0130)<\/h1>\n<p><strong>Hostapur Hava S\u00fcr\u00fckleyici, mineral bazl\u0131, kuru, \u00f6nceden kar\u0131\u015ft\u0131r\u0131lm\u0131\u015f s\u0131valarda ve \u00e7imento bazl\u0131 yap\u0131 kimyasal\u00a0bile\u015fikleri i\u00e7in g\u00fc\u00e7l\u00fc bir hava s\u00fcr\u00fckleyici, \u0131slat\u0131c\u0131 ve plastikle\u015ftirici hammaddedir.<\/strong><\/p>\n<p><strong>HOSTAPUR OSB \u00d6ZELL\u0130KLER\u0130<\/strong><\/p>\n<p><strong>Hostopur OSB mineral bazl\u0131 s\u0131valarda, tamir har\u00e7lar\u0131nda ve \u00e7imento bazl\u0131 yap\u0131 kimyasallar\u0131nda hava s\u00fcr\u00fckleyici, \u0131slat\u0131c\u0131 ve plastikle\u015ftirici olarak kullan\u0131lan toz g\u00f6r\u00fcn\u00fcml\u00fc hammaddedir. Hostopur OSB m\u00fckemmel stabiliteye sahip hava g\u00f6zenekleri olu\u015fturarak, \u00f6zellikle \u00e7imento ve kire\u00e7 esasl\u0131 har\u00e7 ve\u00a0 izolasyon malzemelerinde b\u00fcz\u00fclmeyi azaltarak \u00e7atlak olu\u015fumunu engeller. Sertle\u015fmi\u015f har\u00e7larda y\u00fcksek don direnci sa\u011flar ve \u00e7i\u00e7eklenmeyi \u00f6nler. Yap\u0131 kimyasallar\u0131nda malzemenin daha iyi \u0131slanmas\u0131n\u0131 sa\u011flayarak malzemenin i\u015flenirli\u011fini artt\u0131r\u0131r. Hostapur, S\u0131va ve har\u00e7larda malzemenin pompalanmas\u0131na katl\u0131 sa\u011flar.<\/strong><\/p>\n<p><strong>Tavsiye edilen kullan\u0131m miktar\u0131 % 0,02-0,05 aras\u0131nda olmal\u0131d\u0131r.<\/strong><\/p>\n<p><strong>TEKN\u0130K \u00d6ZELL\u0130KLER<\/strong><\/p>\n<p><strong>F\u0130Z\u0130KSEL G\u00d6R\u00dcN\u00dcM: TOZ<\/strong><strong><br \/>\n<\/strong><strong>PH DE\u011eER\u0130:10.-11.0\u00a0<\/strong><strong><br \/>\n<\/strong><strong>SU \u0130\u00c7ER\u0130\u011e\u0130: max 2.0 %<\/strong><strong><br \/>\n<\/strong><strong>SODYUM S\u00dcLFAT: max 5.5 %<\/strong><strong><br \/>\n<\/strong><strong>PART\u0130K\u00dcL BOYUTU 100 UM: 15-45 %<\/strong><strong><br \/>\n<\/strong><strong>PART\u0130K\u00dcL BOYUTU 100-180 UM: 20-40 %<\/strong><strong><br \/>\n<\/strong><strong>PART\u0130K\u00dcL BOYUTU 180-315UM: 20-40 %<\/strong><\/p>\n<p><strong>KULLANIM ALANLARI<\/strong><\/p>\n<p><strong>Hostapur, \u00e7imento, kire\u00e7 esasl\u0131 har\u00e7 ve yap\u0131\u015ft\u0131r\u0131c\u0131larda,<\/strong><\/p>\n<p><strong>Silikat bazl\u0131 har\u00e7lar ve yap\u0131\u015ft\u0131r\u0131c\u0131larda,<\/strong><\/p>\n<p><strong>Sentetik bazl\u0131 har\u00e7 ve yap\u0131\u015ft\u0131r\u0131c\u0131larda,<\/strong><\/p>\n<p><strong>Hostapur, fayans dolgular\u0131nda,<\/strong><\/p>\n<p><strong>Re\u00e7inelerde\u00a0 kullan\u0131l\u0131r.<\/strong><\/p>\n<p><strong>G\u0131da sekt\u00f6r\u00fcnde E 551 koduyla silikon dioksit, gazl\u0131 hafif i\u00e7eceklerde berrakl\u0131\u011f\u0131 artt\u0131rma ama\u00e7l\u0131 olarak tercih edilmektedir.<\/strong><\/p>\n<p><strong>\u0130la\u00e7 sanayinde ila\u00e7 tablet \u00fcretiminde kullan\u0131lmaktad\u0131r. Ayr\u0131ca antibiyotik bakteri temizli\u011fi ve enfeksiyon giderici ila\u00e7larda yard\u0131mc\u0131 etken olarak yararlan\u0131l\u0131r.<\/strong><\/p>\n<p><strong>Hostapur, bir\u00e7ok sekt\u00f6rde topaklanmay\u0131 \u00f6nleme ama\u00e7l\u0131 kullan\u0131lmaktad\u0131r.<\/strong><\/p>\n<p><strong>\u00a0<\/strong><\/p>\n<p><strong>HOSTAPUR AVANTAJLARI<\/strong><\/p>\n<p><strong>Dayan\u0131kl\u0131l\u0131kta art\u0131\u015f sa\u011flar.<\/strong><\/p>\n<p><strong>Buz \u00e7\u00f6z\u00fcc\u00fc tuzlar\u0131n etkilerine kar\u015f\u0131 diren\u00e7 sa\u011flar.<\/strong><\/p>\n<p><strong>Betonlar\u0131n i\u015flenebilirli\u011fine olumlu etki yapar.<\/strong><\/p>\n<p><strong>Betonun donma ve \u00e7\u00f6z\u00fclme direncini artt\u0131r\u0131r.<\/strong><\/p>\n<p><strong>Betonun don ve \u0131s\u0131ya direncini artt\u0131r\u0131r.<\/strong><\/p>\n<p><strong>Su ge\u00e7irimsizli\u011fin artmas\u0131n\u0131 sa\u011flar.<\/strong><\/p>\n<p><strong>\u00a0<\/strong><\/p>\n<p><strong>AMBALAJ<\/strong><\/p>\n<p><strong>1-5-25 kg torbalar halindedir.<\/strong><\/p>\n<p><strong>\u00a0<\/strong><\/p>\n<p><strong>DEPOLAMA <\/strong><\/p>\n<p><strong>Serin ve kuru bir alanda muhafaza ediniz.<\/strong><\/p>\n<p><strong>\u00a0<\/strong><\/p>\n","protected":false},"excerpt":{"rendered":"<p>HOSTAPUR (HAVA S\u00dcR\u00dcKLEY\u0130C\u0130) Hostapur Hava S\u00fcr\u00fckleyici, mineral bazl\u0131, kuru, \u00f6nceden kar\u0131\u015ft\u0131r\u0131lm\u0131\u015f s\u0131valarda ve \u00e7imento bazl\u0131 yap\u0131 kimyasal\u00a0bile\u015fikleri i\u00e7in g\u00fc\u00e7l\u00fc bir<\/p>\n","protected":false},"featured_media":16076,"comment_status":"open","ping_status":"closed","template":"","meta":{"_joinchat":[]},"product_cat":[70,76,80],"product_tag":[],"class_list":{"0":"post-19978","1":"product","2":"type-product","3":"status-publish","4":"has-post-thumbnail","6":"product_cat-boya-ve-yapi-kimyasallar","7":"product_cat-gida-ve-katki-kimyasallari","8":"product_cat-veteriner-ve-ilac-kimyasallari","10":"first","11":"instock","12":"shipping-taxable","13":"purchasable","14":"product-type-variable"},"yoast_head":"<!-- This site is optimized with the Yoast SEO Premium plugin v20.2.1 (Yoast SEO v20.2.1) - https:\/\/yoast.com\/wordpress\/plugins\/seo\/ -->\n<title>HOSTAPUR (HAVA S\u00dcR\u00dcKLEY\u0130C\u0130) - Akerkimya<\/title>\n<meta name=\"robots\" content=\"index, follow, max-snippet:-1, max-image-preview:large, max-video-preview:-1\" \/>\n<link rel=\"canonical\" href=\"https:\/\/akerkimya.com\/eticaret\/urun\/hostapur-hava-surukleyici-2\/\" \/>\n<meta property=\"og:locale\" content=\"tr_TR\" \/>\n<meta property=\"og:type\" content=\"article\" \/>\n<meta property=\"og:title\" content=\"HOSTAPUR (HAVA S\u00dcR\u00dcKLEY\u0130C\u0130)\" \/>\n<meta property=\"og:description\" content=\"HOSTAPUR (HAVA S\u00dcR\u00dcKLEY\u0130C\u0130) Hostapur Hava S\u00fcr\u00fckleyici, mineral bazl\u0131, kuru, \u00f6nceden kar\u0131\u015ft\u0131r\u0131lm\u0131\u015f s\u0131valarda ve \u00e7imento bazl\u0131 yap\u0131 kimyasal\u00a0bile\u015fikleri i\u00e7in g\u00fc\u00e7l\u00fc bir\" \/>\n<meta property=\"og:url\" content=\"https:\/\/akerkimya.com\/eticaret\/urun\/hostapur-hava-surukleyici-2\/\" \/>\n<meta property=\"og:site_name\" content=\"Akerkimya\" \/>\n<meta property=\"article:modified_time\" content=\"2026-03-29T23:23:41+00:00\" \/>\n<meta name=\"twitter:card\" content=\"summary_large_image\" \/>\n<meta name=\"twitter:label1\" content=\"Tahmini okuma s\u00fcresi\" \/>\n\t<meta name=\"twitter:data1\" content=\"2 dakika\" \/>\n<script type=\"application\/ld+json\" class=\"yoast-schema-graph\">{\"@context\":\"https:\/\/schema.org\",\"@graph\":[{\"@type\":\"WebPage\",\"@id\":\"https:\/\/akerkimya.com\/eticaret\/urun\/hostapur-hava-surukleyici-2\/\",\"url\":\"https:\/\/akerkimya.com\/eticaret\/urun\/hostapur-hava-surukleyici-2\/\",\"name\":\"HOSTAPUR (HAVA S\u00dcR\u00dcKLEY\u0130C\u0130) - Akerkimya\",\"isPartOf\":{\"@id\":\"https:\/\/akerkimya.com\/eticaret\/#website\"},\"datePublished\":\"2026-03-29T23:06:06+00:00\",\"dateModified\":\"2026-03-29T23:23:41+00:00\",\"breadcrumb\":{\"@id\":\"https:\/\/akerkimya.com\/eticaret\/urun\/hostapur-hava-surukleyici-2\/#breadcrumb\"},\"inLanguage\":\"tr\",\"potentialAction\":[{\"@type\":\"ReadAction\",\"target\":[\"https:\/\/akerkimya.com\/eticaret\/urun\/hostapur-hava-surukleyici-2\/\"]}]},{\"@type\":\"BreadcrumbList\",\"@id\":\"https:\/\/akerkimya.com\/eticaret\/urun\/hostapur-hava-surukleyici-2\/#breadcrumb\",\"itemListElement\":[{\"@type\":\"ListItem\",\"position\":1,\"name\":\"Home\",\"item\":\"https:\/\/akerkimya.com\/eticaret\/\"},{\"@type\":\"ListItem\",\"position\":2,\"name\":\"Market\",\"item\":\"https:\/\/akerkimya.com\/eticaret\/market\/\"},{\"@type\":\"ListItem\",\"position\":3,\"name\":\"HOSTAPUR (HAVA S\u00dcR\u00dcKLEY\u0130C\u0130)\"}]},{\"@type\":\"WebSite\",\"@id\":\"https:\/\/akerkimya.com\/eticaret\/#website\",\"url\":\"https:\/\/akerkimya.com\/eticaret\/\",\"name\":\"Akerkimya\",\"description\":\"\",\"potentialAction\":[{\"@type\":\"SearchAction\",\"target\":{\"@type\":\"EntryPoint\",\"urlTemplate\":\"https:\/\/akerkimya.com\/eticaret\/?s={search_term_string}\"},\"query-input\":\"required name=search_term_string\"}],\"inLanguage\":\"tr\"}]}<\/script>\n<!-- \/ Yoast SEO Premium plugin. -->","yoast_head_json":{"title":"HOSTAPUR (HAVA S\u00dcR\u00dcKLEY\u0130C\u0130) - Akerkimya","robots":{"index":"index","follow":"follow","max-snippet":"max-snippet:-1","max-image-preview":"max-image-preview:large","max-video-preview":"max-video-preview:-1"},"canonical":"https:\/\/akerkimya.com\/eticaret\/urun\/hostapur-hava-surukleyici-2\/","og_locale":"tr_TR","og_type":"article","og_title":"HOSTAPUR (HAVA S\u00dcR\u00dcKLEY\u0130C\u0130)","og_description":"HOSTAPUR (HAVA S\u00dcR\u00dcKLEY\u0130C\u0130) Hostapur Hava S\u00fcr\u00fckleyici, mineral bazl\u0131, kuru, \u00f6nceden kar\u0131\u015ft\u0131r\u0131lm\u0131\u015f s\u0131valarda ve \u00e7imento bazl\u0131 yap\u0131 kimyasal\u00a0bile\u015fikleri i\u00e7in g\u00fc\u00e7l\u00fc bir","og_url":"https:\/\/akerkimya.com\/eticaret\/urun\/hostapur-hava-surukleyici-2\/","og_site_name":"Akerkimya","article_modified_time":"2026-03-29T23:23:41+00:00","twitter_card":"summary_large_image","twitter_misc":{"Tahmini okuma s\u00fcresi":"2 dakika"},"schema":{"@context":"https:\/\/schema.org","@graph":[{"@type":"WebPage","@id":"https:\/\/akerkimya.com\/eticaret\/urun\/hostapur-hava-surukleyici-2\/","url":"https:\/\/akerkimya.com\/eticaret\/urun\/hostapur-hava-surukleyici-2\/","name":"HOSTAPUR (HAVA S\u00dcR\u00dcKLEY\u0130C\u0130) - Akerkimya","isPartOf":{"@id":"https:\/\/akerkimya.com\/eticaret\/#website"},"datePublished":"2026-03-29T23:06:06+00:00","dateModified":"2026-03-29T23:23:41+00:00","breadcrumb":{"@id":"https:\/\/akerkimya.com\/eticaret\/urun\/hostapur-hava-surukleyici-2\/#breadcrumb"},"inLanguage":"tr","potentialAction":[{"@type":"ReadAction","target":["https:\/\/akerkimya.com\/eticaret\/urun\/hostapur-hava-surukleyici-2\/"]}]},{"@type":"BreadcrumbList","@id":"https:\/\/akerkimya.com\/eticaret\/urun\/hostapur-hava-surukleyici-2\/#breadcrumb","itemListElement":[{"@type":"ListItem","position":1,"name":"Home","item":"https:\/\/akerkimya.com\/eticaret\/"},{"@type":"ListItem","position":2,"name":"Market","item":"https:\/\/akerkimya.com\/eticaret\/market\/"},{"@type":"ListItem","position":3,"name":"HOSTAPUR (HAVA S\u00dcR\u00dcKLEY\u0130C\u0130)"}]},{"@type":"WebSite","@id":"https:\/\/akerkimya.com\/eticaret\/#website","url":"https:\/\/akerkimya.com\/eticaret\/","name":"Akerkimya","description":"","potentialAction":[{"@type":"SearchAction","target":{"@type":"EntryPoint","urlTemplate":"https:\/\/akerkimya.com\/eticaret\/?s={search_term_string}"},"query-input":"required name=search_term_string"}],"inLanguage":"tr"}]}},"_links":{"self":[{"href":"https:\/\/akerkimya.com\/eticaret\/wp-json\/wp\/v2\/product\/19978","targetHints":{"allow":["GET"]}}],"collection":[{"href":"https:\/\/akerkimya.com\/eticaret\/wp-json\/wp\/v2\/product"}],"about":[{"href":"https:\/\/akerkimya.com\/eticaret\/wp-json\/wp\/v2\/types\/product"}],"replies":[{"embeddable":true,"href":"https:\/\/akerkimya.com\/eticaret\/wp-json\/wp\/v2\/comments?post=19978"}],"version-history":[{"count":1,"href":"https:\/\/akerkimya.com\/eticaret\/wp-json\/wp\/v2\/product\/19978\/revisions"}],"predecessor-version":[{"id":19997,"href":"https:\/\/akerkimya.com\/eticaret\/wp-json\/wp\/v2\/product\/19978\/revisions\/19997"}],"wp:featuredmedia":[{"embeddable":true,"href":"https:\/\/akerkimya.com\/eticaret\/wp-json\/wp\/v2\/media\/16076"}],"wp:attachment":[{"href":"https:\/\/akerkimya.com\/eticaret\/wp-json\/wp\/v2\/media?parent=19978"}],"wp:term":[{"taxonomy":"product_cat","embeddable":true,"href":"https:\/\/akerkimya.com\/eticaret\/wp-json\/wp\/v2\/product_cat?post=19978"},{"taxonomy":"product_tag","embeddable":true,"href":"https:\/\/akerkimya.com\/eticaret\/wp-json\/wp\/v2\/product_tag?post=19978"}],"curies":[{"name":"wp","href":"https:\/\/api.w.org\/{rel}","templated":true}]}}