{"id":20069,"date":"2026-03-30T02:06:25","date_gmt":"2026-03-29T23:06:25","guid":{"rendered":"https:\/\/akerkimya.com\/eticaret\/?post_type=product&#038;p=20069"},"modified":"2026-03-30T02:23:46","modified_gmt":"2026-03-29T23:23:46","slug":"laktik-asit-toz-2","status":"publish","type":"product","link":"https:\/\/akerkimya.com\/eticaret\/urun\/laktik-asit-toz-2\/","title":{"rendered":"LAKT\u0130K AS\u0130T TOZ"},"content":{"rendered":"<h1>LAKT\u0130K AS\u0130T TOZ<\/h1>\n<p><strong>Laktik asit, C3H6O3 form\u00fcl\u00fcne sahip alfa hidroksipropanoyik asit ve s\u00fct asidi olarak da adland\u0131r\u0131lan organik hidroksi asittir. \u0130nsan v\u00fccudunda kas, kan ve de\u011fi\u015fik organlarda ve yo\u011furt gibi s\u00fct \u00fcr\u00fcnlerinde do\u011fal bir bile\u015fik olarak bulunur. Farkl\u0131 konsantrasyonlarda \u00fcretilebilir. Bu konsantrasyonlar %50, %88, %90 olarak bulunmaktad\u0131r.<\/strong><\/p>\n<p><strong>\u00a0<\/strong><\/p>\n<p><strong>LAKT\u0130K AS\u0130T \u00d6ZELL\u0130KLER\u0130<\/strong><\/p>\n<p><strong>Beyaz renkte ve kat\u0131 formdad\u0131r.<\/strong><\/p>\n<p><strong>Hem asit hem de alkol \u00f6zelli\u011fi g\u00f6sterir. <\/strong><\/p>\n<p><strong>Karboksi grubunda yer al\u0131r ve hidroksi grubuyla birlikte alfa hidroksit asit olu\u015fturur.<\/strong><\/p>\n<p><strong>Hidroskopik bir kimyasald\u0131r.<\/strong><\/p>\n<p><strong>\u00a0<\/strong><\/p>\n<p><strong>TEKN\u0130K \u00d6ZELL\u0130KLER\u0130<\/strong><\/p>\n<p><strong>CAS NUMARASI: 50-21-5 (genel), 79-33-4 (L), 10326-41-7 (D)<\/strong><\/p>\n<p><strong>MOLEK\u00dcLER FORM\u00dcL: C3H6O3<\/strong><\/p>\n<p><strong>K\u0130MYASAL \u0130SM\u0130: Laktik Asit, 2-Hydroxypropanoic Acid, DL- Formu<\/strong><\/p>\n<p><strong>MOLEK\u00dcL A\u011eIRLI\u011eI: 90.078 g\/mol<\/strong><\/p>\n<p><strong>ER\u0130ME NOKTASI: 18 \u00b0C<\/strong><\/p>\n<p><strong>KAYNAMA NOKTASI: 122 \u00b0C<\/strong><\/p>\n<p><strong>SAKLAMA SICAKLI\u011eI: 2-8 \u00b0C<\/strong><\/p>\n<p><strong>YO\u011eUNLUK: 1,2 g\/cm\u00b3<\/strong><\/p>\n<p><strong>PH DE\u011eER\u0130: 25 derecede 2 \u2018nin alt\u0131ndad\u0131r.<\/strong><\/p>\n<p><strong>\u00c7\u00d6Z\u00dcN\u00dcRL\u00dcK: Suda ve etanolde kolayl\u0131kla \u00e7\u00f6z\u00fcn\u00fcr.<\/strong><\/p>\n<p><strong>\u00a0<\/strong><\/p>\n<p><strong>KULLANIM ALANLARI<\/strong><\/p>\n<p><strong>Deri tabaklama end\u00fcstrisinde, y\u00fcn boyalar\u0131nda, plastik, m\u00fcrekkep ve solvent \u00fcretiminde kullan\u0131l\u0131r.<\/strong><\/p>\n<p><strong>Yak\u0131t katk\u0131 maddesi, kimyasal ara \u00fcr\u00fcn, asitlik d\u00fczenleyici ve dezenfektan olarak kullan\u0131l\u0131r.<\/strong><\/p>\n<p><strong>\u0130n\u015faat sekt\u00f6r\u00fcnde kullan\u0131lan betonun asitlik oran\u0131n\u0131 ayarlamak i\u00e7in kullan\u0131l\u0131r.<\/strong><\/p>\n<p><strong>S\u00fct \u00fcr\u00fcnlerinde asiditeyi d\u00fczenlemek amac\u0131yla kullan\u0131l\u0131r.<\/strong><\/p>\n<p><strong>G\u0131da end\u00fcstrisinde gazl\u0131 i\u00e7ecekler i\u00e7erisinde koruyucu madde ve aroma verici olarak kullan\u0131l\u0131r.<\/strong><\/p>\n<p><strong>Kolejen \u00fcretimini te\u015fvik etme, k\u0131r\u0131\u015f\u0131kl\u0131klara ve sarkmalara kar\u015f\u0131 cildi s\u0131k\u0131la\u015ft\u0131rmaya yard\u0131mc\u0131 olmas\u0131ndan dolay\u0131 kozmetik sekt\u00f6r\u00fcnde kullan\u0131lmaktad\u0131r.<\/strong><\/p>\n<p><strong>Salta soslar\u0131nda koruyucu ajan olarak kullan\u0131l\u0131r.<\/strong><\/p>\n<p><strong>Kire\u00e7 \u00e7\u00f6z\u00fcc\u00fc \u00f6zelli\u011fi nedeniyle ev temizli\u011fi \u00fcr\u00fcnlerinde yayg\u0131n olarak kullan\u0131l\u0131r.<\/strong><\/p>\n<p><strong>Damla ve \u015furup olarak kullan\u0131lmaktad\u0131r.<\/strong><\/p>\n<p><strong>Bilgisayar diski imalat\u0131nda kullan\u0131l\u0131r.<\/strong><\/p>\n<p><strong>Bira ve \u015faraplarda ph dengeleyici \u00f6zelli\u011finden dolay\u0131 kullan\u0131l\u0131r.<\/strong><\/p>\n<p><strong>Y\u00fcnl\u00fc e\u015fya yap\u0131m\u0131nda mordan olarak kullan\u0131l\u0131r.<\/strong><\/p>\n<p><strong>Fenolik re\u00e7ineler i\u00e7in kataliz\u00f6r olarak kullan\u0131l\u0131r. <\/strong><\/p>\n<p><strong>Ya\u011f kuyusu asitle\u015ftirme ve bitki b\u00fcy\u00fcme d\u00fczenleyicisi olarak kullan\u0131l\u0131r.<\/strong><\/p>\n<p><strong>Laktik asit; et, k\u00fcmes hayvanlar\u0131 ve bal\u0131kta raf \u00f6mr\u00fcn\u00fc uzatmak, patojenik bakterileri kontrol etmek, et lezzetini artt\u0131rmak ve korumak i\u00e7in kullan\u0131m\u0131 mevcuttur.<\/strong><\/p>\n<p><strong>Emilebilir vidalarda, s\u00fct\u00fcrler ve t\u0131bb\u0131 cihazlarda \u00f6nemli bir kimyasald\u0131r.<\/strong><\/p>\n<p><strong>\u00a0<\/strong><\/p>\n<p><strong>AMBALAJ<\/strong><\/p>\n<p><strong>1-5-25 Kg torbalar halinde<\/strong><\/p>\n<p><strong>\u00a0<\/strong><\/p>\n<p><strong>DEPOLAMA <\/strong><\/p>\n<p><strong>Serin ve kuru bir alanda muhafaza ediniz.<\/strong><\/p>\n","protected":false},"excerpt":{"rendered":"<p>LAKT\u0130K AS\u0130T TOZ Laktik asit, C3H6O3 form\u00fcl\u00fcne sahip alfa hidroksipropanoyik asit ve s\u00fct asidi olarak da adland\u0131r\u0131lan organik hidroksi asittir.<\/p>\n","protected":false},"featured_media":16273,"comment_status":"open","ping_status":"closed","template":"","meta":{"_joinchat":[]},"product_cat":[70,73,76,80],"product_tag":[],"class_list":{"0":"post-20069","1":"product","2":"type-product","3":"status-publish","4":"has-post-thumbnail","6":"product_cat-boya-ve-yapi-kimyasallar","7":"product_cat-deri-ve-tekstil-kimyasallari","8":"product_cat-gida-ve-katki-kimyasallari","9":"product_cat-veteriner-ve-ilac-kimyasallari","11":"first","12":"outofstock","13":"shipping-taxable","14":"product-type-variable"},"yoast_head":"<!-- This site is optimized with the Yoast SEO Premium plugin v20.2.1 (Yoast SEO v20.2.1) - https:\/\/yoast.com\/wordpress\/plugins\/seo\/ -->\n<title>LAKT\u0130K AS\u0130T TOZ - Akerkimya<\/title>\n<meta name=\"robots\" content=\"index, follow, max-snippet:-1, max-image-preview:large, max-video-preview:-1\" \/>\n<link rel=\"canonical\" href=\"https:\/\/akerkimya.com\/eticaret\/urun\/laktik-asit-toz-2\/\" \/>\n<meta property=\"og:locale\" content=\"tr_TR\" \/>\n<meta property=\"og:type\" content=\"article\" \/>\n<meta property=\"og:title\" content=\"LAKT\u0130K AS\u0130T TOZ\" \/>\n<meta property=\"og:description\" content=\"LAKT\u0130K AS\u0130T TOZ Laktik asit, C3H6O3 form\u00fcl\u00fcne sahip alfa hidroksipropanoyik asit ve s\u00fct asidi olarak da adland\u0131r\u0131lan organik hidroksi asittir.\" \/>\n<meta property=\"og:url\" content=\"https:\/\/akerkimya.com\/eticaret\/urun\/laktik-asit-toz-2\/\" \/>\n<meta property=\"og:site_name\" content=\"Akerkimya\" \/>\n<meta property=\"article:modified_time\" content=\"2026-03-29T23:23:46+00:00\" \/>\n<meta name=\"twitter:card\" content=\"summary_large_image\" \/>\n<meta name=\"twitter:label1\" content=\"Tahmini okuma s\u00fcresi\" \/>\n\t<meta name=\"twitter:data1\" content=\"2 dakika\" \/>\n<script type=\"application\/ld+json\" class=\"yoast-schema-graph\">{\"@context\":\"https:\/\/schema.org\",\"@graph\":[{\"@type\":\"WebPage\",\"@id\":\"https:\/\/akerkimya.com\/eticaret\/urun\/laktik-asit-toz-2\/\",\"url\":\"https:\/\/akerkimya.com\/eticaret\/urun\/laktik-asit-toz-2\/\",\"name\":\"LAKT\u0130K AS\u0130T TOZ - Akerkimya\",\"isPartOf\":{\"@id\":\"https:\/\/akerkimya.com\/eticaret\/#website\"},\"datePublished\":\"2026-03-29T23:06:25+00:00\",\"dateModified\":\"2026-03-29T23:23:46+00:00\",\"breadcrumb\":{\"@id\":\"https:\/\/akerkimya.com\/eticaret\/urun\/laktik-asit-toz-2\/#breadcrumb\"},\"inLanguage\":\"tr\",\"potentialAction\":[{\"@type\":\"ReadAction\",\"target\":[\"https:\/\/akerkimya.com\/eticaret\/urun\/laktik-asit-toz-2\/\"]}]},{\"@type\":\"BreadcrumbList\",\"@id\":\"https:\/\/akerkimya.com\/eticaret\/urun\/laktik-asit-toz-2\/#breadcrumb\",\"itemListElement\":[{\"@type\":\"ListItem\",\"position\":1,\"name\":\"Home\",\"item\":\"https:\/\/akerkimya.com\/eticaret\/\"},{\"@type\":\"ListItem\",\"position\":2,\"name\":\"Market\",\"item\":\"https:\/\/akerkimya.com\/eticaret\/market\/\"},{\"@type\":\"ListItem\",\"position\":3,\"name\":\"LAKT\u0130K AS\u0130T TOZ\"}]},{\"@type\":\"WebSite\",\"@id\":\"https:\/\/akerkimya.com\/eticaret\/#website\",\"url\":\"https:\/\/akerkimya.com\/eticaret\/\",\"name\":\"Akerkimya\",\"description\":\"\",\"potentialAction\":[{\"@type\":\"SearchAction\",\"target\":{\"@type\":\"EntryPoint\",\"urlTemplate\":\"https:\/\/akerkimya.com\/eticaret\/?s={search_term_string}\"},\"query-input\":\"required name=search_term_string\"}],\"inLanguage\":\"tr\"}]}<\/script>\n<!-- \/ Yoast SEO Premium plugin. -->","yoast_head_json":{"title":"LAKT\u0130K AS\u0130T TOZ - Akerkimya","robots":{"index":"index","follow":"follow","max-snippet":"max-snippet:-1","max-image-preview":"max-image-preview:large","max-video-preview":"max-video-preview:-1"},"canonical":"https:\/\/akerkimya.com\/eticaret\/urun\/laktik-asit-toz-2\/","og_locale":"tr_TR","og_type":"article","og_title":"LAKT\u0130K AS\u0130T TOZ","og_description":"LAKT\u0130K AS\u0130T TOZ Laktik asit, C3H6O3 form\u00fcl\u00fcne sahip alfa hidroksipropanoyik asit ve s\u00fct asidi olarak da adland\u0131r\u0131lan organik hidroksi asittir.","og_url":"https:\/\/akerkimya.com\/eticaret\/urun\/laktik-asit-toz-2\/","og_site_name":"Akerkimya","article_modified_time":"2026-03-29T23:23:46+00:00","twitter_card":"summary_large_image","twitter_misc":{"Tahmini okuma s\u00fcresi":"2 dakika"},"schema":{"@context":"https:\/\/schema.org","@graph":[{"@type":"WebPage","@id":"https:\/\/akerkimya.com\/eticaret\/urun\/laktik-asit-toz-2\/","url":"https:\/\/akerkimya.com\/eticaret\/urun\/laktik-asit-toz-2\/","name":"LAKT\u0130K AS\u0130T TOZ - Akerkimya","isPartOf":{"@id":"https:\/\/akerkimya.com\/eticaret\/#website"},"datePublished":"2026-03-29T23:06:25+00:00","dateModified":"2026-03-29T23:23:46+00:00","breadcrumb":{"@id":"https:\/\/akerkimya.com\/eticaret\/urun\/laktik-asit-toz-2\/#breadcrumb"},"inLanguage":"tr","potentialAction":[{"@type":"ReadAction","target":["https:\/\/akerkimya.com\/eticaret\/urun\/laktik-asit-toz-2\/"]}]},{"@type":"BreadcrumbList","@id":"https:\/\/akerkimya.com\/eticaret\/urun\/laktik-asit-toz-2\/#breadcrumb","itemListElement":[{"@type":"ListItem","position":1,"name":"Home","item":"https:\/\/akerkimya.com\/eticaret\/"},{"@type":"ListItem","position":2,"name":"Market","item":"https:\/\/akerkimya.com\/eticaret\/market\/"},{"@type":"ListItem","position":3,"name":"LAKT\u0130K AS\u0130T TOZ"}]},{"@type":"WebSite","@id":"https:\/\/akerkimya.com\/eticaret\/#website","url":"https:\/\/akerkimya.com\/eticaret\/","name":"Akerkimya","description":"","potentialAction":[{"@type":"SearchAction","target":{"@type":"EntryPoint","urlTemplate":"https:\/\/akerkimya.com\/eticaret\/?s={search_term_string}"},"query-input":"required name=search_term_string"}],"inLanguage":"tr"}]}},"_links":{"self":[{"href":"https:\/\/akerkimya.com\/eticaret\/wp-json\/wp\/v2\/product\/20069","targetHints":{"allow":["GET"]}}],"collection":[{"href":"https:\/\/akerkimya.com\/eticaret\/wp-json\/wp\/v2\/product"}],"about":[{"href":"https:\/\/akerkimya.com\/eticaret\/wp-json\/wp\/v2\/types\/product"}],"replies":[{"embeddable":true,"href":"https:\/\/akerkimya.com\/eticaret\/wp-json\/wp\/v2\/comments?post=20069"}],"version-history":[{"count":1,"href":"https:\/\/akerkimya.com\/eticaret\/wp-json\/wp\/v2\/product\/20069\/revisions"}],"predecessor-version":[{"id":20089,"href":"https:\/\/akerkimya.com\/eticaret\/wp-json\/wp\/v2\/product\/20069\/revisions\/20089"}],"wp:featuredmedia":[{"embeddable":true,"href":"https:\/\/akerkimya.com\/eticaret\/wp-json\/wp\/v2\/media\/16273"}],"wp:attachment":[{"href":"https:\/\/akerkimya.com\/eticaret\/wp-json\/wp\/v2\/media?parent=20069"}],"wp:term":[{"taxonomy":"product_cat","embeddable":true,"href":"https:\/\/akerkimya.com\/eticaret\/wp-json\/wp\/v2\/product_cat?post=20069"},{"taxonomy":"product_tag","embeddable":true,"href":"https:\/\/akerkimya.com\/eticaret\/wp-json\/wp\/v2\/product_tag?post=20069"}],"curies":[{"name":"wp","href":"https:\/\/api.w.org\/{rel}","templated":true}]}}