{"id":20793,"date":"2026-03-30T02:09:06","date_gmt":"2026-03-29T23:09:06","guid":{"rendered":"https:\/\/akerkimya.com\/eticaret\/?post_type=product&#038;p=20793"},"modified":"2026-05-06T12:02:49","modified_gmt":"2026-05-06T09:02:49","slug":"kalsiyum-hidroksit-gida-kalite-2","status":"publish","type":"product","link":"https:\/\/akerkimya.com\/eticaret\/urun\/kalsiyum-hidroksit-gida-kalite-2\/","title":{"rendered":"KALS\u0130YUM H\u0130DROKS\u0130T (GIDA KAL\u0130TE)"},"content":{"rendered":"<h1>KALS\u0130YUM H\u0130DROKS\u0130T (GIDA KAL\u0130TE)<\/h1>\n<p><strong>Kalsiyum hidroksit, Ca(OH)2 molek\u00fcler form\u00fcl\u00fcne sahip inorganik bir bile\u015fiktir. S\u00f6nmemi\u015f kire\u00e7 suyla kar\u0131\u015ft\u0131r\u0131ld\u0131\u011f\u0131nda veya s\u00f6nd\u00fcr\u00fcld\u00fc\u011f\u00fcnde \u00fcretilir.<\/strong><\/p>\n<p><strong>\u00a0<\/strong><\/p>\n<p><strong>KALS\u0130YUM H\u0130DROKS\u0130T \u00d6ZELL\u0130KLER\u0130<\/strong><\/p>\n<p><strong>Beyaz renkte toz formundad\u0131r.<\/strong><\/p>\n<p><strong>Ortam s\u0131cakl\u0131\u011f\u0131nda, saf suda \u00e7\u00f6z\u00fcn\u00fcr.<\/strong><\/p>\n<p><strong>Ph\u2019\u0131 12,5 olan bir alkalin sol\u00fcsyonu \u00fcretir.<\/strong><\/p>\n<p><strong>\u00a0<\/strong><\/p>\n<p><strong>TEKN\u0130K \u00d6ZELL\u0130KLER\u0130<\/strong><\/p>\n<p><strong>CAS NUMARASI: 1305-62-0<\/strong><\/p>\n<p><strong>EC NUMARASI: 215-137-3<\/strong><\/p>\n<p><strong>MOLEK\u00dcLER FORM\u00dcL: Ca(OH)2<\/strong><\/p>\n<p><strong>K\u0130MYASAL \u0130SM\u0130: Klasiyum Hidrooksit, E526<\/strong><\/p>\n<p><strong>MOLEK\u00dcLER FORM\u00dcL:74,1 g\/mol<\/strong><\/p>\n<p><strong>ERG\u0130ME NOKTASI: 580 \u00b0C<\/strong><\/p>\n<p><strong>YO\u011eUNLUK: 2,24 g\/cm\u00b3<\/strong><\/p>\n<p><strong>\u00a0<\/strong><\/p>\n<p><strong>KULLANIM ALANLARI<\/strong><\/p>\n<p><strong>Akvaryumlarda salyangoz, algler ve mercanlar gibi canl\u0131lar\u0131n ya\u015famas\u0131 i\u00e7in biyolojik dengeyi sa\u011flamada kullan\u0131l\u0131r.<\/strong><\/p>\n<p><strong>G\u0131dalarda ve alkoll\u00fc i\u00e7eceklerde kullan\u0131l\u0131r.<\/strong><\/p>\n<p><strong>\u015eeker sanayiinde \u015fekerin \u015feker kam\u0131\u015f\u0131ndan ayr\u0131\u015ft\u0131r\u0131lmas\u0131nda kullan\u0131l\u0131r.<\/strong><\/p>\n<p><strong>Bebek s\u00fctlerinin kalsiyum oran\u0131n\u0131 artt\u0131rmada kullan\u0131l\u0131r.<\/strong><\/p>\n<p><strong>Meyve sular\u0131n\u0131 kuvvetlendirme amac\u0131yla kullan\u0131l\u0131r.<\/strong><\/p>\n<p><strong>Di\u015f hekimli\u011finde kanal tedavisinde ge\u00e7ici kanal dolgu olarak kullan\u0131l\u0131r.<\/strong><\/p>\n<p><strong>T\u00fcy d\u00f6k\u00fcc\u00fc kremlerde hammadde olarak kullan\u0131l\u0131r.<\/strong><\/p>\n<p><strong>Tekstil sekt\u00f6r\u00fcnde a\u011fart\u0131c\u0131larda ve deri tabaklama sanayisinde kullan\u0131l\u0131r.<\/strong><\/p>\n<p><strong>\u00a0<\/strong><\/p>\n<p><strong>AMBALAJ<\/strong><\/p>\n<p><strong>1-5-25 kg torbalar halinde<\/strong><\/p>\n<p><strong>\u00a0<\/strong><\/p>\n<p><strong>DEPOLAMA <\/strong><\/p>\n<p><strong>Serin ve kuru bir alanda muhafaza ediniz.<\/strong><\/p>\n","protected":false},"excerpt":{"rendered":"<p>KALS\u0130YUM H\u0130DROKS\u0130T (GIDA KAL\u0130TE) Kalsiyum hidroksit, Ca(OH)2 molek\u00fcler form\u00fcl\u00fcne sahip inorganik bir bile\u015fiktir. S\u00f6nmemi\u015f kire\u00e7 suyla kar\u0131\u015ft\u0131r\u0131ld\u0131\u011f\u0131nda veya s\u00f6nd\u00fcr\u00fcld\u00fc\u011f\u00fcnde \u00fcretilir.<\/p>\n","protected":false},"featured_media":17937,"comment_status":"open","ping_status":"closed","template":"","meta":{"_joinchat":[]},"product_cat":[74,76,80],"product_tag":[],"class_list":{"0":"post-20793","1":"product","2":"type-product","3":"status-publish","4":"has-post-thumbnail","6":"product_cat-deterjan-ve-kozmetik-kimyasallari","7":"product_cat-gida-ve-katki-kimyasallari","8":"product_cat-veteriner-ve-ilac-kimyasallari","10":"first","11":"instock","12":"shipping-taxable","13":"purchasable","14":"product-type-variable"},"yoast_head":"<!-- This site is optimized with the Yoast SEO Premium plugin v20.2.1 (Yoast SEO v20.2.1) - https:\/\/yoast.com\/wordpress\/plugins\/seo\/ -->\n<title>KALS\u0130YUM H\u0130DROKS\u0130T (GIDA KAL\u0130TE) - Akerkimya<\/title>\n<meta name=\"robots\" content=\"index, follow, max-snippet:-1, max-image-preview:large, max-video-preview:-1\" \/>\n<link rel=\"canonical\" href=\"https:\/\/akerkimya.com\/eticaret\/urun\/kalsiyum-hidroksit-gida-kalite-2\/\" \/>\n<meta property=\"og:locale\" content=\"tr_TR\" \/>\n<meta property=\"og:type\" content=\"article\" \/>\n<meta property=\"og:title\" content=\"KALS\u0130YUM H\u0130DROKS\u0130T (GIDA KAL\u0130TE)\" \/>\n<meta property=\"og:description\" content=\"KALS\u0130YUM H\u0130DROKS\u0130T (GIDA KAL\u0130TE) Kalsiyum hidroksit, Ca(OH)2 molek\u00fcler form\u00fcl\u00fcne sahip inorganik bir bile\u015fiktir. S\u00f6nmemi\u015f kire\u00e7 suyla kar\u0131\u015ft\u0131r\u0131ld\u0131\u011f\u0131nda veya s\u00f6nd\u00fcr\u00fcld\u00fc\u011f\u00fcnde \u00fcretilir.\" \/>\n<meta property=\"og:url\" content=\"https:\/\/akerkimya.com\/eticaret\/urun\/kalsiyum-hidroksit-gida-kalite-2\/\" \/>\n<meta property=\"og:site_name\" content=\"Akerkimya\" \/>\n<meta property=\"article:modified_time\" content=\"2026-05-06T09:02:49+00:00\" \/>\n<meta name=\"twitter:card\" content=\"summary_large_image\" \/>\n<meta name=\"twitter:label1\" content=\"Tahmini okuma s\u00fcresi\" \/>\n\t<meta name=\"twitter:data1\" content=\"1 dakika\" \/>\n<script type=\"application\/ld+json\" class=\"yoast-schema-graph\">{\"@context\":\"https:\/\/schema.org\",\"@graph\":[{\"@type\":\"WebPage\",\"@id\":\"https:\/\/akerkimya.com\/eticaret\/urun\/kalsiyum-hidroksit-gida-kalite-2\/\",\"url\":\"https:\/\/akerkimya.com\/eticaret\/urun\/kalsiyum-hidroksit-gida-kalite-2\/\",\"name\":\"KALS\u0130YUM H\u0130DROKS\u0130T (GIDA KAL\u0130TE) - Akerkimya\",\"isPartOf\":{\"@id\":\"https:\/\/akerkimya.com\/eticaret\/#website\"},\"datePublished\":\"2026-03-29T23:09:06+00:00\",\"dateModified\":\"2026-05-06T09:02:49+00:00\",\"breadcrumb\":{\"@id\":\"https:\/\/akerkimya.com\/eticaret\/urun\/kalsiyum-hidroksit-gida-kalite-2\/#breadcrumb\"},\"inLanguage\":\"tr\",\"potentialAction\":[{\"@type\":\"ReadAction\",\"target\":[\"https:\/\/akerkimya.com\/eticaret\/urun\/kalsiyum-hidroksit-gida-kalite-2\/\"]}]},{\"@type\":\"BreadcrumbList\",\"@id\":\"https:\/\/akerkimya.com\/eticaret\/urun\/kalsiyum-hidroksit-gida-kalite-2\/#breadcrumb\",\"itemListElement\":[{\"@type\":\"ListItem\",\"position\":1,\"name\":\"Home\",\"item\":\"https:\/\/akerkimya.com\/eticaret\/\"},{\"@type\":\"ListItem\",\"position\":2,\"name\":\"Market\",\"item\":\"https:\/\/akerkimya.com\/eticaret\/market\/\"},{\"@type\":\"ListItem\",\"position\":3,\"name\":\"KALS\u0130YUM H\u0130DROKS\u0130T (GIDA KAL\u0130TE)\"}]},{\"@type\":\"WebSite\",\"@id\":\"https:\/\/akerkimya.com\/eticaret\/#website\",\"url\":\"https:\/\/akerkimya.com\/eticaret\/\",\"name\":\"Akerkimya\",\"description\":\"\",\"potentialAction\":[{\"@type\":\"SearchAction\",\"target\":{\"@type\":\"EntryPoint\",\"urlTemplate\":\"https:\/\/akerkimya.com\/eticaret\/?s={search_term_string}\"},\"query-input\":\"required name=search_term_string\"}],\"inLanguage\":\"tr\"}]}<\/script>\n<!-- \/ Yoast SEO Premium plugin. -->","yoast_head_json":{"title":"KALS\u0130YUM H\u0130DROKS\u0130T (GIDA KAL\u0130TE) - Akerkimya","robots":{"index":"index","follow":"follow","max-snippet":"max-snippet:-1","max-image-preview":"max-image-preview:large","max-video-preview":"max-video-preview:-1"},"canonical":"https:\/\/akerkimya.com\/eticaret\/urun\/kalsiyum-hidroksit-gida-kalite-2\/","og_locale":"tr_TR","og_type":"article","og_title":"KALS\u0130YUM H\u0130DROKS\u0130T (GIDA KAL\u0130TE)","og_description":"KALS\u0130YUM H\u0130DROKS\u0130T (GIDA KAL\u0130TE) Kalsiyum hidroksit, Ca(OH)2 molek\u00fcler form\u00fcl\u00fcne sahip inorganik bir bile\u015fiktir. S\u00f6nmemi\u015f kire\u00e7 suyla kar\u0131\u015ft\u0131r\u0131ld\u0131\u011f\u0131nda veya s\u00f6nd\u00fcr\u00fcld\u00fc\u011f\u00fcnde \u00fcretilir.","og_url":"https:\/\/akerkimya.com\/eticaret\/urun\/kalsiyum-hidroksit-gida-kalite-2\/","og_site_name":"Akerkimya","article_modified_time":"2026-05-06T09:02:49+00:00","twitter_card":"summary_large_image","twitter_misc":{"Tahmini okuma s\u00fcresi":"1 dakika"},"schema":{"@context":"https:\/\/schema.org","@graph":[{"@type":"WebPage","@id":"https:\/\/akerkimya.com\/eticaret\/urun\/kalsiyum-hidroksit-gida-kalite-2\/","url":"https:\/\/akerkimya.com\/eticaret\/urun\/kalsiyum-hidroksit-gida-kalite-2\/","name":"KALS\u0130YUM H\u0130DROKS\u0130T (GIDA KAL\u0130TE) - Akerkimya","isPartOf":{"@id":"https:\/\/akerkimya.com\/eticaret\/#website"},"datePublished":"2026-03-29T23:09:06+00:00","dateModified":"2026-05-06T09:02:49+00:00","breadcrumb":{"@id":"https:\/\/akerkimya.com\/eticaret\/urun\/kalsiyum-hidroksit-gida-kalite-2\/#breadcrumb"},"inLanguage":"tr","potentialAction":[{"@type":"ReadAction","target":["https:\/\/akerkimya.com\/eticaret\/urun\/kalsiyum-hidroksit-gida-kalite-2\/"]}]},{"@type":"BreadcrumbList","@id":"https:\/\/akerkimya.com\/eticaret\/urun\/kalsiyum-hidroksit-gida-kalite-2\/#breadcrumb","itemListElement":[{"@type":"ListItem","position":1,"name":"Home","item":"https:\/\/akerkimya.com\/eticaret\/"},{"@type":"ListItem","position":2,"name":"Market","item":"https:\/\/akerkimya.com\/eticaret\/market\/"},{"@type":"ListItem","position":3,"name":"KALS\u0130YUM H\u0130DROKS\u0130T (GIDA KAL\u0130TE)"}]},{"@type":"WebSite","@id":"https:\/\/akerkimya.com\/eticaret\/#website","url":"https:\/\/akerkimya.com\/eticaret\/","name":"Akerkimya","description":"","potentialAction":[{"@type":"SearchAction","target":{"@type":"EntryPoint","urlTemplate":"https:\/\/akerkimya.com\/eticaret\/?s={search_term_string}"},"query-input":"required name=search_term_string"}],"inLanguage":"tr"}]}},"_links":{"self":[{"href":"https:\/\/akerkimya.com\/eticaret\/wp-json\/wp\/v2\/product\/20793","targetHints":{"allow":["GET"]}}],"collection":[{"href":"https:\/\/akerkimya.com\/eticaret\/wp-json\/wp\/v2\/product"}],"about":[{"href":"https:\/\/akerkimya.com\/eticaret\/wp-json\/wp\/v2\/types\/product"}],"replies":[{"embeddable":true,"href":"https:\/\/akerkimya.com\/eticaret\/wp-json\/wp\/v2\/comments?post=20793"}],"version-history":[{"count":1,"href":"https:\/\/akerkimya.com\/eticaret\/wp-json\/wp\/v2\/product\/20793\/revisions"}],"predecessor-version":[{"id":20815,"href":"https:\/\/akerkimya.com\/eticaret\/wp-json\/wp\/v2\/product\/20793\/revisions\/20815"}],"wp:featuredmedia":[{"embeddable":true,"href":"https:\/\/akerkimya.com\/eticaret\/wp-json\/wp\/v2\/media\/17937"}],"wp:attachment":[{"href":"https:\/\/akerkimya.com\/eticaret\/wp-json\/wp\/v2\/media?parent=20793"}],"wp:term":[{"taxonomy":"product_cat","embeddable":true,"href":"https:\/\/akerkimya.com\/eticaret\/wp-json\/wp\/v2\/product_cat?post=20793"},{"taxonomy":"product_tag","embeddable":true,"href":"https:\/\/akerkimya.com\/eticaret\/wp-json\/wp\/v2\/product_tag?post=20793"}],"curies":[{"name":"wp","href":"https:\/\/api.w.org\/{rel}","templated":true}]}}